-5).
77
Let o(g) = -g + 17. Determine o(9).
8
Let l(i) = -i**2 + 15*i + 29. Give l(16).
13
Let w(v) = -2*v**2 + 15*v + 14. Give w(8).
6
Let z(k) = -4*k - 5. Determine z(-3).
7
Let o(k) = -24*k + 5. Determine o(2).
-43
Let p(q) = -2*q + 40. Give p(19).
2
Let t(h) = -24*h - 22. What is t(-6)?
122
Let g(h) = 2*h**3 - 54*h**2 - h + 7. Give g(27).
-20
Let l(a) = 4*a**2 - 9*a - 10. What is l(-2)?
24
Let z(r) = 5*r + 1. Determine z(-3).
-14
Let u(c) = c**3 + 6*c**2 + 4*c + 8. Determine u(-6).
-16
Let r(m) = m**3 - 21*m**2 + 53*m + 28. Calculate r(18).
10
Let y(f) = -f**2 + 13*f - 10. What is y(13)?
-10
Let i(c) = 20*c - 1. Determine i(-3).
-61
Let z(n) = n**3 + 8*n**2 + 5*n - 5. Give z(-8).
-45
Let h(z) = z**2 - 5*z + 8. What is h(6)?
14
Let s(m) = -m**3 + 30*m**2 - 82*m + 31. Calculate s(27).
4
Let c(j) = j - 4. Determine c(11).
7
Let v(w) = w**2 - 11*w - 2. What is v(12)?
10
Let f(s) = -13*s - 2. Calculate f(-2).
24
Let u(c) = -c**2 + 5*c + 6. Calculate u(3).
12
Let w(q) = q**2 + 34*q + 63. Determine w(-32).
-1
Let m(z) = z**3 + 14*z**2 + z + 13. Give m(-14).
-1
Let l(h) = -h**2 + 9*h + 24. Determine l(12).
-12
Let q(a) = -12*a**3 - a**2 + a - 2. Give q(-2).
88
Let d(x) = x**3 + x**2 - 8*x + 7. Determine d(3).
19
Let t(z) = 2*z**2 + 16*z + 10. Determine t(-7).
-4
Let n(w) = -3*w**2 - w - 4. What is n(0)?
-4
Let t(u) = u**3 - 12*u**2 - 12*u - 6. What is t(13)?
7
Let d(w) = -w**2 + 23*w - 2. Determine d(23).
-2
Let j(d) = -d**3 - 6*d**2 + 11. Calculate j(-5).
-14
Let v(j) = 4*j - 7. Calculate v(5).
13
Let z(s) = -2*s**2 - 4*s - 3. Give z(-4).
-19
Let c(t) = 19*t + 158. What is c(-8)?
6
Let k(r) = -9*r + 2. Give k(3).
-25
Let o(x) = -180*x - 713. Determine o(-4).
7
Let i(y) = 2*y**2 + 12*y + 9. Calculate i(-4).
-7
Let z(t) = -4*t - 19. Calculate z(-7).
9
Let y(t) = t**3 - 4*t**2 - 4*t - 10. Give y(6).
38
Let q(f) = 3*f**3 - 2*f**2 - 5*f + 6. Determine q(1).
2
Let n(o) = -2*o**3 + 2*o**2 - 3*o + 2. Give n(2).
-12
Let y(j) = -j - 19. What is y(-13)?
-6
Let c(g) = 3*g**2 - 4*g + 3. Give c(5).
58
Let l(y) = -3*y**3 - 21*y**2 + y + 5. Give l(-7).
-2
Let r(f) = f**2 + 9*f - 18. Calculate r(-10).
-8
Let n(r) = 6*r + 1. Calculate n(3).
19
Let l(a) = -2*a - 20. Determine l(7).
-34
Let o(f) = -f**2 - 10*f - 8. Give o(-6).
16
Let h(v) = -v**3 + v**2 + v + 4. Give h(3).
-11
Let u(j) = j**3 + 7*j**2 + 13*j + 7. Determine u(-5).
-8
Let s(g) = -3*g**3 - 2*g**2 + 6*g. What is s(2)?
-20
Let w(l) = -2*l**3 - 83*l**2 - 39*l + 88. Give w(-41).
6
Let a(f) = f**3 + 9*f**2 + 6*f + 48. Calculate a(-9).
-6
Let q(z) = z - 6. Determine q(-4).
-10
Let y(m) = m**2 + 24*m - 34. What is y(-25)?
-9
Let t(i) = i**2 + 5*i - 80. What is t(-12)?
4
Let s(z) = -z**3 - 6*z**2 + 5*z + 2. Calculate s(-5).
-48
Let t(u) = -u**3 + 22*u**2 - 19*u - 34. Determine t(21).
8
Let c(l) = -2*l - 3. Give c(0).
-3
Let c(v) = v**3 + 9*v**2 - 2*v - 11. What is c(-9)?
7
Let l(k) = -3*k**2 - 24*k - 4. What is l(-7)?
17
Let f(t) = -3*t**2 - 19*t - 19. Give f(-1).
-3
Let t(k) = -k**2 + 6*k + 4. Calculate t(7).
-3
Let r(b) = -2*b - 21. Calculate r(6).
-33
Let q(u) = u**2 + 4*u + 4. Determine q(-7).
25
Let h(x) = -x**2 - 13*x + 11. Determine h(-12).
23
Let a(r) = -28*r - 45. What is a(-2)?
11
Let j(n) = -n**3 + 20*n**2 - 101*n + 17. Determine j(11).
-5
Let i(d) = -d**3 + 7*d**2 - 9*d + 31. What is i(5)?
36
Let t(f) = 9*f - 40. What is t(5)?
5
Let q(f) = 5*f**3 + f**2 - 7*f - 29. What is q(-3)?
-134
Let i(q) = -q**2 - 4*q + 12. What is i(5)?
-33
Let f(i) = -49*i + 1177. Determine f(24).
1
Let s(o) = -o - 26. Determine s(15).
-41
Let w(m) = m**3 - 6*m + 1. Determine w(-3).
-8
Let r(o) = -2*o + 3. What is r(-7)?
17
Let g(t) = -264*t + 786. Give g(3).
-6
Let x(o) = o - 8. Calculate x(-8).
-16
Let r(h) = -h + 1. Determine r(10).
-9
Let v(k) = -k**3 + 5*k**2 - k + 11. Determine v(6).
-31
Let j(p) = 3*p**2 - 2*p - 11. Calculate j(-5).
74
Let k(f) = 3*f + 19. What is k(-4)?
7
Let u(o) = 2*o**2 + 17*o + 37. Give u(-5).
2
Let m(q) = -q**2 + q - 21. What is m(-7)?
-77
Let v(t) = -3*t**2 + 11*t + 7. Give v(5).
-13
Let b(w) = 2*w**2 - 21*w - 66. Give b(-3).
15
Let v(s) = s**2 + 6*s + 9. Determine v(-4).
1
Let j(y) = 12*y**2 + 9*y + 10. Calculate j(-3).
91
Let y(c) = -2*c**3 - 15*c**2 - 27*c - 3. Give y(-5).
7
Let l(j) = 2*j**2 - 2*j - 5. Determine l(3).
7
Let n(h) = 5*h**2 - 71*h + 4. Give n(14).
-10
Let u(z) = 6*z + 10. Determine u(13).
88
Let x(a) = -a**2 + 31*a - 184. Give x(23).
0
Let p(w) = w**3 - 7*w**2 - w + 18. Give p(6).
-24
Let c(n) = -20*n - 3. What is c(-1)?
17
Let r(b) = -b**2 + 5*b + 6. Give r(7).
-8
Let y(p) = -p**3 - p**2 + 3*p + 6. What is y(-3)?
15
Let b(m) = -m - 38. Calculate b(-29).
-9
Let r(u) = 13*u + 2. What is r(-4)?
-50
Let h(m) = -2*m - 41. Determine h(-27).
13
Let n(f) = -f**2 - 2*f. Give n(-4).
-8
Let j(f) = -f**2 - 9*f - 13. Determine j(-6).
5
Let f(b) = -b**3 + b**2 - b - 11. Calculate f(0).
-11
Let w(a) = -a**3 + 9*a**2 - 4*a. Calculate w(8).
32
Let s(g) = -g + 22. Give s(10).
12
Let m(c) = c**3 - 3*c**2 + 2*c - 2. Determine m(2).
-2
Let u(k) = 2*k**2 - 11*k + 12. Determine u(8).
52
Let u(a) = -a**2 - 11*a - 7. Determine u(-10).
3
Let q(m) = -m**3 - 10*m**2 - 11*m - 116. Calculate q(-10).
-6
Let g(k) = -k**2 - 3*k + 8. What is g(-7)?
-20
Let r(u) = u - 5. Give r(-4).
-9
Let s(t) = -11*t**3 + 3*t - 1. Give s(1).
-9
Let p(f) = -5*f - 1. Determine p(0).
-1
Let u(y) = y**2 - 11*y + 16. What is u(10)?
6
Let r(p) = -7*p - 44. Calculate r(0).
-44
Let a(g) = -5*g - 10. Give a(0).
-10
Let v(f) = -f**2 + 4*f - 6. Give v(5).
-11
Let b(z) = 2*z**2 + 43*z - 56. What is b(-21)?
-77
Let j(g) = -g**3 - g**2 - 12. What is j(0)?
-12
Let y(h) = 4*h + 58. Determine y(-11).
14
Let w(i) = -i**3 - i**2 + i - 3. Give w(2).
-13
Let j(d) = -d**3 - 28*d**2 + 26*d - 21. Give j(-29).
66
Let z(y) = -y**2 - 45*y - 482. Give z(-17).
-6
Let q(k) = 16*k + 468. Calculate q(-30).
-12
Let z(n) = 10*n + 4. What is z(-3)?
-26
Let d(k) = -k**2 - k - 1. What is d(-3)?
-7
Let v(r) = -2*r**2 + 2*r + 3. What is v(4)?
-21
Let b(m) = m**3 + 2*m**2 - m + 4. Give b(0).
4
Let a(g) = -9*g**2 + g - 2. What is a(-2)?
-40
Let b(q) = -q**3 + 5*q**2 - 7*q + 11. Determine b(5).
-24
Let v(z) = -z**2 + 20*z - 98. Calculate v(12).
-2
Let q(c) = -c**3 + c**2 + c + 20. Determine q(0).
20
Let o(f) = 2*f**2 - 46*f + 223. Give o(6).
19
Let a(z) = z**2 + 5*z - 2. Determine a(-4).
-6
Let y(x) = -x**3 - 7*x**2 - 8*x - 29. Determine y(-7).
27
Let h(k) = k**2 - 12*k - 14. Give h(11).
-25
Let d(w) = 6*w + 51. Calculate d(-8).
3
Let p(c) = -2*c + 9. What is p(9)?
-9
Let n(q) = -q + 11. What is n(41)?
-30
Let i(m) = -3*m**2 + 10*m + 28. What is i(5)?
3
Let f(x) = 25*x - 56. Give f(2).
-6
Let s(d) = 2*d**3 + 45*d + 95. Give s(-2).
-11
Let w(u) = u**3 - 6*u**2 + 4*u - 7. What is w(6)?
17
Let m(b) = b**2 - 9*b + 13. Determine m(10).
23
Let y(i) = -10*i - 72. Determine y(-7).
-2
Let t(n) = -n**3 + 17*n**2 + 18*n - 3. What is t(18)?
-3
Let o(l) = -18*l - 141. Give o(-7).
-15
Let d(w) = -w**3 - 8*w**2 + 2*w + 3. Give d(-8).
-13
Let r(n) = -11*n**2 - 3*n - 1. Determine r(-3).
-91
Let j(o) = 25*o - 190. Calculate j(8).
10
Let u(v) = -v**3 + 4*v**2 - v - 2. Calculate u(2).
4
Let d(r) = r**2 + 5*r - 20. Give d(-6).
-14
Let u(z) = -z**2 + 4*z + 119. What is u(-9)?
2
Let k(l) = -2*l - 46. Give k(-6).
-34
Let i(x) = x - 14. What is i(5)?
-9
Let i(s) = 103*s**3 - 2*s**2 - 18*s + 19. What is i(1)?
102
Let v(m) = -18*m - 1. Determine v(1).
-19
Let u(b) = b**2 - b - 7. Determine u(0).
-7
Let d(j) = -j**2 + 6*j + 7. Calculate d(-1).
0
Let v(b) = 14*b**3 - b**2 - 4*b - 2. What is v(-1)?
-13
Let o(l) = -3*l - 18. Determine o(-5).
-3
Let k(f) = f**3 + 15*f**2 - 16*f + 13. Determine k(-16).
13
Let c(n) = n**3 + n**2 + 5. Calculate c(0).
5
Let x(f) = -f**2 + 5*f + 30. What is x(8)?
6
Let f(r) = r**2 - 5*r - 1. Determine f(6).
5
Let x(u) = -2*u**2 - 9*u - 5. Determine x(-3).
4
Let c(w) = -w**2 + 7*w - 20. Calculate c(8).
-28
Let h(m) = m**3 - 8*m**2 + m + 49. Give h(7).
7
Let s(k) = -9*k - 2. What is s(-1)?
7
Let p(j) = j**3 - 7*j**2 - j + 1. Calculate p(7).
-6
Let a(j) = -j**3 + 6*j**2 + 1. What is a(6)?
1
Let r(u) = -4*u + 3. Give r(2).
-5
Let q(y) = 21*y**3 - 2*y**2 + 2*y - 1. Calculate q(1).
20
Let a(w) = 3*w - 62. Give a(10).
-32
Let x(w) = -w**2 - 6*w - 3. Calculate x(-3).
6
L